{"id":19,"date":"2014-05-02T16:08:08","date_gmt":"2014-05-02T15:08:08","guid":{"rendered":"http:\/\/marekbogac.net\/?page_id=19"},"modified":"2020-01-02T12:22:35","modified_gmt":"2020-01-02T11:22:35","slug":"autor-2","status":"publish","type":"page","link":"https:\/\/marekbogac.net\/?page_id=19","title":{"rendered":"FOTOGRAF"},"content":{"rendered":"<h2 style=\"text-align: center;\"><span style=\"color: #800000;\">&#8222;Zachyt\u00edm d\u016fle\u017eit\u00e9 okam\u017eiky va\u0161eho \u017eivota &#8211; bez kompromis\u016f!&#8220;<\/span><\/h2>\n<p>&nbsp;<\/p>\n<p><img decoding=\"async\" loading=\"lazy\" class=\"size-full wp-image-5317 alignleft\" src=\"https:\/\/marekbogac.net\/wp-content\/uploads\/IMG_9616-Edit.jpg\" alt=\"IMG_9616-Edit\" width=\"400\" height=\"300\" srcset=\"https:\/\/marekbogac.net\/wp-content\/uploads\/IMG_9616-Edit.jpg 400w, https:\/\/marekbogac.net\/wp-content\/uploads\/IMG_9616-Edit-300x225.jpg 300w\" sizes=\"(max-width: 400px) 100vw, 400px\" \/><\/p>\n<p style=\"text-align: justify;\">Zast\u00e1v\u00e1m n\u00e1zor, \u017ee pro p\u016fsobiv\u00e9 a emotivn\u00ed fotografie nen\u00ed fototechnika a\u017e tak z\u00e1sadn\u00ed. Hlavn\u00ed je fotografovo vid\u011bn\u00ed, cit a schopnost vn\u00edmat v\u011bci kolem sebe. Nicm\u00e9n\u011b pro kvalitn\u011b a technicky perfektn\u011b zpracovanou fotografii, \u010di portr\u00e9t s velmi malou hloubkou ostrosti je nezbytn\u00fd vysoce sv\u011bteln\u00fd objektiv a zrcadlovka s velik\u00fdm obrazov\u00fdm sn\u00edma\u010dem. Proto k tvorb\u011b pou\u017e\u00edv\u00e1m jen ty nejlep\u0161\u00ed profesion\u00e1ln\u00ed fotografick\u00e9 n\u00e1stroje.<\/p>\n<p style=\"text-align: justify;\">Pro plnou kontrolu nad sv\u011btlem a mo\u017enost\u00ed fotografovat kdykoliv m\u00e1m k dispozici rovn\u011b\u017e vlastn\u00ed fotoateli\u00e9r.<\/p>\n<p style=\"text-align: justify;\">Specializuji se na svatebn\u00ed fotografii a v tomto oboru m\u00e1m ji\u017e zna\u010dn\u00e9 zku\u0161enosti a rozs\u00e1hl\u00e9 portfolio. Nem\u00e9n\u011b zaj\u00edmav\u00e1 je pro mne\u00a0 portr\u00e9tn\u00ed a report\u00e1\u017en\u00ed fotografie.\u00a0Fotografie report\u00e1\u017en\u00edho charakteru byly mnohokr\u00e1t publikov\u00e1ny v tisku, \u010di internetu a webech hudebn\u00edch skupin.<\/p>\n<p>&nbsp;<\/p>\n<h3><\/h3>\n<h4 style=\"text-align: center;\">\u00a0<span style=\"color: #800000;\">postar\u00e1m se o to, abyste mimo jedine\u010dn\u00fdch fotografi\u00ed z\u00edskali tak\u00e9 skv\u011bl\u00fd z\u00e1\u017eitek z focen\u00ed &#8211;\u00a0<\/span><span style=\"color: #800000;\">zkr\u00e1tka si fotografov\u00e1n\u00ed &#8222;prost\u011b pohodov\u011b u\u017eili&#8220; !!!<\/span><\/h4>\n","protected":false},"excerpt":{"rendered":"<p>&#8222;Zachyt\u00edm d\u016fle\u017eit\u00e9 okam\u017eiky va\u0161eho \u017eivota &#8211; bez kompromis\u016f!&#8220; &nbsp; Zast\u00e1v\u00e1m n\u00e1zor, \u017ee pro p\u016fsobiv\u00e9 a emotivn\u00ed fotografie nen\u00ed fototechnika a\u017e tak z\u00e1sadn\u00ed. Hlavn\u00ed je fotografovo vid\u011bn\u00ed, cit a schopnost vn\u00edmat v\u011bci kolem sebe. Nicm\u00e9n\u011b pro kvalitn\u011b a technicky perfektn\u011b zpracovanou fotografii, \u010di portr\u00e9t s velmi malou hloubkou ostrosti je nezbytn\u00fd vysoce sv\u011bteln\u00fd objektiv a zrcadlovka s velik\u00fdm obrazov\u00fdm sn\u00edma\u010dem. Proto k tvorb\u011b pou\u017e\u00edv\u00e1m jen ty nejlep\u0161\u00ed profesion\u00e1ln\u00ed fotografick\u00e9 n\u00e1stroje. Pro plnou kontrolu nad sv\u011btlem a mo\u017enost\u00ed fotografovat kdykoliv m\u00e1m k dispozici rovn\u011b\u017e vlastn\u00ed fotoateli\u00e9r. Specializuji se na svatebn\u00ed fotografii a v tomto oboru m\u00e1m ji\u017e zna\u010dn\u00e9 zku\u0161enosti a rozs\u00e1hl\u00e9 portfolio. Nem\u00e9n\u011b zaj\u00edmav\u00e1 je pro mne\u00a0 portr\u00e9tn\u00ed a report\u00e1\u017en\u00ed fotografie.\u00a0Fotografie report\u00e1\u017en\u00edho charakteru byly mnohokr\u00e1t publikov\u00e1ny v tisku, \u010di internetu a webech hudebn\u00edch skupin. &nbsp; \u00a0postar\u00e1m se o to, abyste mimo jedine\u010dn\u00fdch fotografi\u00ed z\u00edskali tak\u00e9 skv\u011bl\u00fd z\u00e1\u017eitek z focen\u00ed &#8211;\u00a0zkr\u00e1tka si fotografov\u00e1n\u00ed &#8222;prost\u011b pohodov\u011b u\u017eili&#8220; !!!<\/p>\n","protected":false},"author":1,"featured_media":0,"parent":0,"menu_order":0,"comment_status":"closed","ping_status":"closed","template":"","meta":{"ngg_post_thumbnail":0},"aioseo_notices":[],"_links":{"self":[{"href":"https:\/\/marekbogac.net\/index.php?rest_route=\/wp\/v2\/pages\/19"}],"collection":[{"href":"https:\/\/marekbogac.net\/index.php?rest_route=\/wp\/v2\/pages"}],"about":[{"href":"https:\/\/marekbogac.net\/index.php?rest_route=\/wp\/v2\/types\/page"}],"author":[{"embeddable":true,"href":"https:\/\/marekbogac.net\/index.php?rest_route=\/wp\/v2\/users\/1"}],"replies":[{"embeddable":true,"href":"https:\/\/marekbogac.net\/index.php?rest_route=%2Fwp%2Fv2%2Fcomments&post=19"}],"version-history":[{"count":65,"href":"https:\/\/marekbogac.net\/index.php?rest_route=\/wp\/v2\/pages\/19\/revisions"}],"predecessor-version":[{"id":7046,"href":"https:\/\/marekbogac.net\/index.php?rest_route=\/wp\/v2\/pages\/19\/revisions\/7046"}],"wp:attachment":[{"href":"https:\/\/marekbogac.net\/index.php?rest_route=%2Fwp%2Fv2%2Fmedia&parent=19"}],"curies":[{"name":"wp","href":"https:\/\/api.w.org\/{rel}","templated":true}]}}