{"id":5911,"date":"2014-10-28T21:01:13","date_gmt":"2014-10-28T20:01:13","guid":{"rendered":"http:\/\/marekbogac.net\/?page_id=5911"},"modified":"2025-09-12T10:13:51","modified_gmt":"2025-09-12T09:13:51","slug":"reportazni-fotografie","status":"publish","type":"page","link":"https:\/\/marekbogac.net\/?page_id=5911","title":{"rendered":"REPORT\u00c1\u017dN\u00cd FOTOGRAFIE"},"content":{"rendered":"<table style=\"width: 100%; height: 613px;\" border=\"0\" cellspacing=\"0\" cellpadding=\"0\">\n<colgroup>\n<col width=\"134\">\n<col span=\"8\" width=\"64\"> <\/colgroup>\n<tbody>\n<tr>\n<td style=\"text-align: justify; width: 279.351%;\" colspan=\"8\" width=\"782\" height=\"20\">Varianty report\u00e1\u017en\u00edho focen\u00ed. Vztahuj\u00ed se na focen\u00ed koncert\u016f, maturitn\u00edch \u010di jin\u00fdch ples\u016f a dal\u0161\u00edch spole\u010densk\u00fdch ud\u00e1lost\u00ed. Ke 2 uveden\u00fdm variant\u00e1m je mo\u017eno volit dopl\u0148kov\u00e9 slu\u017eby. Podrobn\u00fd popis najdete n\u00ed\u017ee.<\/td>\n<\/tr>\n<tr>\n<td style=\"width: 10.428%;\" height=\"20\">report <strong>MINI<\/strong><\/td>\n<td style=\"text-align: left; width: 80.9233%;\" colspan=\"6\">1-2 hodiny focen\u00ed, min 70 upraven\u00fdch fotografi\u00ed, soukrom\u00e1 webov\u00e1 galerie z ud\u00e1losti<\/td>\n<td style=\"text-align: right; width: 187.999%;\"><strong>3.900,-<\/strong><strong>K\u010d<\/strong><\/td>\n<\/tr>\n<tr>\n<td style=\"width: 10.428%;\" height=\"20\">&nbsp;<\/td>\n<td style=\"text-align: left; width: 80.9233%;\" colspan=\"6\"><span style=\"font-size: x-small;\">focen\u00ed koncertu, spole\u010densk\u00e9 akce, maturitn\u00edho plesu, atd.<br \/>\n<\/span><\/td>\n<td style=\"width: 187.999%;\">&nbsp;<\/td>\n<\/tr>\n<tr>\n<td style=\"width: 10.428%;\" height=\"20\">report <strong>STANDARD<\/strong><\/td>\n<td style=\"text-align: left; width: 80.9233%;\" colspan=\"6\">4 hodiny focen\u00ed, min. 140 upraven\u00fdch fotografi\u00ed, soukrom\u00e1 webov\u00e1 galerie z ud\u00e1losti<\/td>\n<td style=\"text-align: right; width: 187.999%;\"><strong>5.600,-K\u010d<\/strong><\/td>\n<\/tr>\n<tr>\n<td style=\"width: 10.428%;\" height=\"20\">&nbsp;<\/td>\n<td style=\"text-align: left; width: 80.9233%;\" colspan=\"6\"><span style=\"font-size: x-small;\">rozs\u00e1hlej\u0161\u00ed fotoreport spole\u010densk\u00e9 akce, maturitn\u00edho plesu, atd.<\/span><\/td>\n<td style=\"width: 187.999%;\">&nbsp;<\/td>\n<\/tr>\n<tr>\n<td style=\"width: 10.428%;\" height=\"20\">focen\u00ed NAV\u00cdC<\/td>\n<td style=\"text-align: left; width: 80.9233%;\" colspan=\"6\">ka\u017ed\u00e1 dal\u0161\u00ed hodina nav\u00edc nad r\u00e1mec uveden\u00fdch ve variant\u00e1ch, min dal\u0161\u00edch 40 upraven\u00fdch fotografi\u00ed nav\u00edc<\/td>\n<td style=\"text-align: right; width: 187.999%;\"><strong>1000,-K\u010d<\/strong><\/td>\n<\/tr>\n<tr>\n<td style=\"width: 10.428%;\" height=\"20\">vyvol\u00e1n\u00ed fotografi\u00ed<\/td>\n<td style=\"text-align: left; width: 80.9233%;\" colspan=\"6\">10\/15: 15K\u010d, 13\/19: 25K\u010d,&nbsp; 15\/23: 35K\u010d,&nbsp; 20\/30: 65K\u010d,&nbsp; 30\/45: 200K\u010d,&nbsp; 40\/60: 450K\u010d,&nbsp; 50\/75: 700K\u010d,&nbsp; 60\/90: 900K\u010d<\/td>\n<td style=\"width: 187.999%;\">&nbsp;<\/td>\n<\/tr>\n<tr>\n<td style=\"width: 10.428%;\" height=\"20\">DOPRAVA<\/td>\n<td style=\"text-align: left; width: 80.9233%;\" colspan=\"6\">Brunt\u00e1l: 250, Opava: 250K\u010d, Ostrava: 500K\u010d, jinam: dle dohody<\/td>\n<td style=\"width: 187.999%;\">&nbsp;<\/td>\n<\/tr>\n<tr>\n<td style=\"width: 10.428%;\" height=\"20\">fotokoutek<\/td>\n<td style=\"text-align: left; width: 80.9233%;\" colspan=\"6\">p\u0159enosn\u00fd ateli\u00e9r: konstrukce \u0161\u00ed\u0159e 3m (nutn\u00fd prostor \u0161\u00ed\u0159e min. 4m), studiov\u00e1 z\u00e1bleskov\u00e1 sv\u011btla, jednobarevn\u00e9 pozad\u00ed<\/td>\n<td style=\"text-align: right; width: 187.999%;\"><strong>1000,-K\u010d<\/strong><\/td>\n<\/tr>\n<tr>\n<td style=\"width: 10.428%;\" height=\"20\">&nbsp;<\/td>\n<td style=\"text-align: left; width: 80.9233%;\" colspan=\"6\"><span style=\"font-size: x-small;\">pl\u00e1tna pro v\u00fdb\u011br pozad\u00ed: \u0161\u00ed\u0159e 3m,&nbsp; kr\u00e9mov\u00e9, \u0161ed\u00e9, b\u00e9\u017eov\u00e9, \u010dern\u00e9, tmav\u011b modr\u00e9, hn\u011bd\u00e9, \u010derven\u00e9, zelen\u00e9, b\u00edl\u00e9, mo\u017enost VLASTN\u00cd V\u00ddZDOBY klientem &#8211; bal\u00f3nky, konfety p\u0159\u00edp. vlastn\u00ed p\u0159ehoz p\u0159es dan\u00e9 pozad\u00ed<\/span><\/td>\n<td style=\"width: 187.999%;\">&nbsp;<\/td>\n<\/tr>\n<\/tbody>\n<\/table>\n<p>&nbsp;<\/p>\n<p style=\"text-align: justify;\">V\u011bt\u0161ina v\u00fd\u0161e uveden\u00fdch spole\u010densk\u00fdch ud\u00e1lost\u00ed se odehr\u00e1v\u00e1 v prostor\u00e1ch s velmi nevhodn\u00fdm osv\u011btlen\u00edm a pro fotografov\u00e1n\u00ed jsou tak kladeny velmi vysok\u00e9 po\u017eadavky na technick\u00e9 vybaven\u00ed fotografa. Nem\u00e9n\u011b d\u016fle\u017eit\u00e1 je pak zku\u0161enost fotografa po str\u00e1nce report\u00e1\u017en\u00ed.<\/p>\n<p style=\"text-align: justify;\">Na fotografi\u00edch tohoto typu se sna\u017e\u00edm o co nejv\u011brn\u011bj\u0161\u00ed zachycen\u00ed atmosf\u00e9ry reportovan\u00e9 ud\u00e1losti tak, abyste ji ve vzpom\u00ednk\u00e1ch mohli za\u017e\u00edvat znovu a znovu. S fotografov\u00e1n\u00edm m\u00e1m zna\u010dn\u00e9 zku\u0161enosti a mohu ru\u010dit za to, \u017ee fotografie uspokoj\u00ed i toho nejn\u00e1ro\u010dn\u011bj\u0161\u00edho z\u00e1kazn\u00edka. \u017d\u00e1dn\u00e9 rozmazan\u00e9 barevn\u011b nezaj\u00edmav\u00e9 fotografie. \u017d\u00e1dn\u00e9 u\u0159ezan\u00e9 \u010d\u00e1sti hlav atd. P\u0159i fotografov\u00e1n\u00ed kladu d\u016fraz na perfektn\u00ed kompozici, vyv\u00e1\u017eenou expozici a striktn\u00ed ostrost. P\u0159i pr\u00e1ci mi pom\u00e1h\u00e1 nejv\u00fdkonn\u011bj\u0161\u00ed a v\u00fdhradn\u011b profesion\u00e1ln\u00ed fototechnika.<\/p>\n<p style=\"text-align: justify;\">Zak\u00e1zkov\u011b jsem fotografoval reporty nap\u0159. pro spole\u010dnosti, jak\u00fdmi jsou Native PR , AGJ Holding, Evolution Hub, Guarant International apod.<\/p>\n<p style=\"text-align: justify;\">Pe\u010dliv\u011b vybran\u00e9 a upraven\u00e9 fotografie obdr\u017e\u00edte formou odkazu ke sta\u017een\u00ed a QR k\u00f3du prost\u0159ednictv\u00edm cloudov\u00e9 slu\u017eby. \u00dapravy fotografi\u00ed zahrnuj\u00ed vhodn\u00e9 o\u0159ezy, \u00fapravu kontrastu, barevn\u00e9 t\u00f3nov\u00e1n\u00ed, \u010db, s\u00e9pie, retu\u0161, doost\u0159en\u00ed. D\u00e1le bude k dispozici na p\u0159\u00e1n\u00ed soukrom\u00e1 webov\u00e1 fotogalerie se v\u0161emi upraven\u00fdmi z\u00e1b\u011bry. Neupraven\u00e9 nepoveden\u00e9 fotografie se neposkytuj\u00ed!!!<\/p>\n<p style=\"text-align: justify;\">Ke ka\u017ed\u00e9 variant\u011b si lze samoz\u0159ejm\u011b vybrat k&nbsp;vyvol\u00e1n\u00ed pap\u00edrov\u00e9 fotografie.<\/p>\n<p style=\"text-align: justify;\">Doba p\u0159ed\u00e1n\u00ed cel\u00e9 hotov\u00e9 zak\u00e1zky se pohybuje obvykle do jednoho &#8211; dvou t\u00fddn\u016f.<\/p>\n","protected":false},"excerpt":{"rendered":"<p>Varianty report\u00e1\u017en\u00edho focen\u00ed. Vztahuj\u00ed se na focen\u00ed koncert\u016f, maturitn\u00edch \u010di jin\u00fdch ples\u016f a dal\u0161\u00edch spole\u010densk\u00fdch ud\u00e1lost\u00ed. Ke 2 uveden\u00fdm variant\u00e1m je mo\u017eno volit dopl\u0148kov\u00e9 slu\u017eby. Podrobn\u00fd popis najdete n\u00ed\u017ee. report MINI 1-2 hodiny focen\u00ed, min 70 upraven\u00fdch fotografi\u00ed, soukrom\u00e1 webov\u00e1 galerie z ud\u00e1losti 3.900,-K\u010d &nbsp; focen\u00ed koncertu, spole\u010densk\u00e9 akce, maturitn\u00edho plesu, atd. &nbsp; report STANDARD 4 hodiny focen\u00ed, min. 140 upraven\u00fdch fotografi\u00ed, soukrom\u00e1 webov\u00e1 galerie z ud\u00e1losti 5.600,-K\u010d &nbsp; rozs\u00e1hlej\u0161\u00ed fotoreport spole\u010densk\u00e9 akce, maturitn\u00edho plesu, atd. &nbsp; focen\u00ed NAV\u00cdC ka\u017ed\u00e1 dal\u0161\u00ed hodina nav\u00edc nad r\u00e1mec uveden\u00fdch ve variant\u00e1ch, min dal\u0161\u00edch 40 upraven\u00fdch fotografi\u00ed nav\u00edc 1000,-K\u010d vyvol\u00e1n\u00ed fotografi\u00ed 10\/15: 15K\u010d, 13\/19: 25K\u010d,&nbsp; 15\/23: 35K\u010d,&nbsp; 20\/30: 65K\u010d,&nbsp; 30\/45: 200K\u010d,&nbsp; 40\/60: 450K\u010d,&nbsp; 50\/75: 700K\u010d,&nbsp; 60\/90: 900K\u010d &nbsp; DOPRAVA Brunt\u00e1l: 250, Opava: 250K\u010d, Ostrava: 500K\u010d, jinam: dle dohody &nbsp; fotokoutek p\u0159enosn\u00fd ateli\u00e9r: konstrukce \u0161\u00ed\u0159e 3m (nutn\u00fd prostor \u0161\u00ed\u0159e min. 4m), studiov\u00e1 z\u00e1bleskov\u00e1 sv\u011btla, jednobarevn\u00e9 pozad\u00ed 1000,-K\u010d &nbsp; pl\u00e1tna pro v\u00fdb\u011br pozad\u00ed: \u0161\u00ed\u0159e 3m,&nbsp; kr\u00e9mov\u00e9, \u0161ed\u00e9, b\u00e9\u017eov\u00e9, \u010dern\u00e9, tmav\u011b modr\u00e9, hn\u011bd\u00e9, \u010derven\u00e9, zelen\u00e9, b\u00edl\u00e9, mo\u017enost VLASTN\u00cd V\u00ddZDOBY klientem &#8211; bal\u00f3nky, konfety p\u0159\u00edp. vlastn\u00ed p\u0159ehoz p\u0159es dan\u00e9 pozad\u00ed &nbsp; &nbsp; V\u011bt\u0161ina v\u00fd\u0161e uveden\u00fdch spole\u010densk\u00fdch ud\u00e1lost\u00ed se odehr\u00e1v\u00e1 v prostor\u00e1ch s velmi nevhodn\u00fdm osv\u011btlen\u00edm a pro fotografov\u00e1n\u00ed jsou tak kladeny velmi vysok\u00e9 po\u017eadavky na technick\u00e9 vybaven\u00ed fotografa&#8230;. \u010d\u00edst d\u00e1le &#8230;<\/p>\n","protected":false},"author":1,"featured_media":0,"parent":5377,"menu_order":0,"comment_status":"closed","ping_status":"open","template":"","meta":{"ngg_post_thumbnail":0},"aioseo_notices":[],"_links":{"self":[{"href":"https:\/\/marekbogac.net\/index.php?rest_route=\/wp\/v2\/pages\/5911"}],"collection":[{"href":"https:\/\/marekbogac.net\/index.php?rest_route=\/wp\/v2\/pages"}],"about":[{"href":"https:\/\/marekbogac.net\/index.php?rest_route=\/wp\/v2\/types\/page"}],"author":[{"embeddable":true,"href":"https:\/\/marekbogac.net\/index.php?rest_route=\/wp\/v2\/users\/1"}],"replies":[{"embeddable":true,"href":"https:\/\/marekbogac.net\/index.php?rest_route=%2Fwp%2Fv2%2Fcomments&post=5911"}],"version-history":[{"count":100,"href":"https:\/\/marekbogac.net\/index.php?rest_route=\/wp\/v2\/pages\/5911\/revisions"}],"predecessor-version":[{"id":7298,"href":"https:\/\/marekbogac.net\/index.php?rest_route=\/wp\/v2\/pages\/5911\/revisions\/7298"}],"up":[{"embeddable":true,"href":"https:\/\/marekbogac.net\/index.php?rest_route=\/wp\/v2\/pages\/5377"}],"wp:attachment":[{"href":"https:\/\/marekbogac.net\/index.php?rest_route=%2Fwp%2Fv2%2Fmedia&parent=5911"}],"curies":[{"name":"wp","href":"https:\/\/api.w.org\/{rel}","templated":true}]}}